 and 48607?
13
What is the greatest common factor of 219018 and 281644?
346
Calculate the greatest common factor of 437848 and 2678712.
1912
What is the greatest common divisor of 186643 and 119?
17
What is the greatest common divisor of 53659425 and 6525?
2175
What is the highest common divisor of 6822 and 236693838?
2274
Calculate the greatest common divisor of 3746 and 176378537.
1873
Calculate the greatest common divisor of 2185531 and 279.
31
What is the highest common factor of 118767112 and 505?
101
Calculate the highest common factor of 1783329 and 1233.
411
Calculate the highest common factor of 191636 and 1908.
4
Calculate the highest common divisor of 3172 and 48889548.
244
What is the greatest common factor of 435337920 and 288?
288
Calculate the highest common divisor of 319 and 9095647.
319
What is the highest common divisor of 30162 and 1618221?
33
Calculate the greatest common divisor of 479 and 645585183.
479
What is the greatest common divisor of 3984 and 197640?
24
Calculate the highest common divisor of 531295 and 1320133.
1801
What is the highest common divisor of 6005 and 61865?
5
What is the highest common factor of 450995 and 305?
5
Calculate the highest common divisor of 427 and 1175314.
7
Calculate the greatest common divisor of 10556096 and 190.
38
What is the highest common divisor of 40007750 and 3250?
250
Calculate the greatest common divisor of 2003 and 395005621.
2003
What is the highest common divisor of 4566 and 290701239?
2283
Calculate the highest common divisor of 599185 and 2083855.
2045
What is the greatest common divisor of 30953013 and 273?
273
What is the greatest common divisor of 90 and 6945220?
10
Calculate the greatest common divisor of 192150 and 385.
35
Calculate the greatest common divisor of 38016 and 6644.
44
Calculate the highest common divisor of 835236960 and 380.
380
Calculate the highest common factor of 535453 and 16240129.
1459
Calculate the highest common factor of 2360 and 1462728.
472
What is the highest common factor of 21271 and 21627?
89
What is the highest common factor of 30044 and 1696268?
812
What is the highest common factor of 480 and 33309950?
10
What is the greatest common factor of 427 and 83481367?
61
Calculate the highest common divisor of 1607523 and 46158.
471
What is the greatest common divisor of 252252 and 100548?
1764
What is the greatest common divisor of 34263 and 12530106?
1269
Calculate the greatest common factor of 45872717 and 11.
11
What is the greatest common divisor of 1749 and 703296?
33
Calculate the greatest common divisor of 625 and 1962025.
25
What is the greatest common divisor of 7328 and 2977229?
229
Calculate the highest common divisor of 1898 and 402103.
13
Calculate the highest common factor of 1006978 and 61999.
119
Calculate the greatest common divisor of 14 and 1742223.
7
What is the greatest common divisor of 7520 and 9140960?
160
Calculate the greatest common factor of 187534 and 43549054.
4574
Calculate the greatest common factor of 11200 and 13311200.
5600
Calculate the greatest common divisor of 80235 and 1905.
15
Calculate the greatest common factor of 24381 and 3685444.
301
What is the highest common divisor of 5911304 and 1751981?
2611
Calculate the highest common divisor of 15144948 and 4422.
402
What is the greatest common factor of 2457479 and 171?
19
Calculate the greatest common divisor of 9246 and 218097730.
3082
What is the highest common divisor of 1650 and 1980682?
22
Calculate the highest common factor of 41599 and 9452.
17
Calculate the highest common divisor of 765254 and 788514.
2326
Calculate the highest common factor of 50690 and 170570.
370
What is the highest common factor of 3 and 13969584?
3
Calculate the greatest common factor of 1823173 and 55.
11
What is the highest common factor of 18459566 and 118?
118
What is the highest common factor of 21 and 2730763?
7
What is the greatest common factor of 7696318 and 42?
14
What is the highest common divisor of 503470135 and 70?
35
Calculate the highest common divisor of 8262 and 607206.
102
Calculate the greatest common divisor of 46728 and 73473408.
4248
What is the greatest common divisor of 1842867 and 19?
19
What is the highest common factor of 34227 and 2061?
9
Calculate the highest common factor of 40 and 220286000.
40
What is the highest common factor of 176 and 630564572?
44
What is the highest common divisor of 41480 and 71723?
17
Calculate the highest common factor of 17114517 and 332.
83
Calculate the highest common divisor of 45177725 and 6175.
475
What is the highest common factor of 69091 and 46822?
571
Calculate the greatest common factor of 46949 and 112252.
133
What is the highest common divisor of 3370080 and 2128?
112
Calculate the highest common divisor of 138 and 16047951.
69
Calculate the greatest common factor of 88917 and 14851632.
831
Calculate the highest common divisor of 129870 and 251420.
130
What is the highest common factor of 36594 and 128198412?
1926
Calculate the highest common factor of 15222 and 594690.
258
What is the highest common divisor of 9911388 and 564?
12
Calculate the highest common divisor of 420 and 122149760.
20
Calculate the greatest common divisor of 128681892 and 9.
9
Calculate the highest common factor of 26632 and 334727621.
3329
Calculate the highest common divisor of 15704245 and 215.
215
What is the greatest common divisor of 12149713 and 2278?
1139
What is the highest common factor of 8 and 906728?
8
What is the highest common divisor of 273408 and 1472?
64
What is the greatest common factor of 1132 and 162210506?
566
Calculate the greatest common factor of 71659 and 3456929.
2471
What is the greatest common factor of 61985 and 33396?
253
Calculate the greatest common factor of 1518 and 27379440.
66
What is the greatest common factor of 15255 and 20612895?
1695
What is the greatest common divisor of 72930 and 6516950?
1870
Calculate the greatest common divisor of 187857869 and 3779.
3779
Calculate the highest common divisor of 240 and 119064048.
48
Calculate the highest common factor of 168 and 320088.
24
What is the greatest common factor of 19174444 and 2102?
2102
What is the greatest common divisor of 1950 and 1567254?
78
Calculate the greatest common divisor of 3 and 5222136.
3
What is the highest common divisor of 2859208 and 528?
88
Calculate the greatest common divisor of 740 and 576130330.
370
What is the greatest common factor of 16518 and 9078?
6
Calculate the greatest common factor of 219965555 and 1295.
185
Calculate the greatest common divisor of 24 and 53358776.
8
What is the highest common factor of 243828 and 2988?
36
Calculate the greatest common factor of 1162685243 and 683.
683
What is the greatest common factor of 4326289 and 34?
1
Calculate the greatest common divisor of 10693 and 959225.
629
What is the greatest common divisor of 33591035 and 868765?
3635
Calculate the greatest common factor of 5150508 and 132.
132
What is the highest common factor of 841152 and 36608?
832
Calculate the highest common factor of 1632534 and 31330.
482
What is the greatest common factor of 2170475510 and 7196?
3598
What is the greatest common divisor of 11988 and 42288632?
148
Calculate the greatest common divisor of 70 and 47865958.
14
Calculate the greatest common divisor of 297 and 493240077.
297
Calculate the highest common factor of 8001255 and 32550.
465
Calculate the greatest common divisor of 92032 and 2878876.
2876
Calculate the highest common factor of 1665 and 5313120.
15
Calculate the greatest common factor of 70052928 and 352.
352
Calculate the greatest common factor of 2178 and 6597426.
66
What is the highest common factor of 35199945 and 12727?
979
What is the greatest common factor of 751524 and 116?
4
Calculate the highest common divisor of 3199900 and 1900.
100
Calculate the greatest common divisor of 1047 and 7741169.
349
What is the highest common factor of 348866 and 1708?
14
What is the greatest common factor of 34 and 906734?
2
Calculate the highest common factor of 39 and 11665407.
39
What is the greatest common factor of 5865 and 37887555?
345
What is the highest common factor of 5352960 and 255?
255
Calculate the greatest common divisor of 3157 and 26480916.
3157
Calculate the gre